Let z = 18 - a. Suppose 3*r + z = 3*q + 10, -4*q + 1 = -r. What is the highest common divisor of r and 33?
3
Let d = -128 + 245. Let a(p) = 2*p + 5. Let f be a(4). What is the highest common factor of d and f?
13
Let s = 19 - -19. Suppose -7*j + s = -60. What is the greatest common factor of 112 and j?
14
Let c(w) = -18 + 864*w - 858*w + 3. Let l be c(7). What is the greatest common factor of l and 54?
27
Suppose -4*m - 87*p + 92*p = -115, -4*m - 5*p + 125 = 0. What is the highest common divisor of m and 18?
6
Suppose 0 = 3*q - 68 - 43. Let r = q - 28. What is the greatest common factor of 117 and r?
9
Let i be (-136)/(-476) - (-122)/14. Calculate the highest common divisor of i and 27.
9
Let k = -20 + 26. Suppose -k*u + 12 = -12. What is the greatest common divisor of 20 and u?
4
Suppose 5*x - 2*u = 982, -4*x + 388 = -2*x + 4*u. Calculate the highest common factor of x and 4.
4
Suppose -h - 3*k = 3*h - 557, -5*k = -4*h + 597. Suppose 5*w = -j - 94, 3*w - j + 70 = -5*j. Let u = w - -31. What is the greatest common divisor of h and u?
13
Suppose 11*i - 4*i - 1204 = 0. What is the greatest common divisor of 301 and i?
43
Let r(b) = 7*b**3 + 7*b**2 - 16*b + 3. Let t be r(3). Suppose 2*s - f - 47 = 0, 5*f - 19 = -2*s + 22. Calculate the greatest common factor of s and t.
23
Let a(i) = 1 + 6*i**2 + 3 + i**3 + 3*i**2 + 1 + 3*i. Let v = 7 + -15. Let w be a(v). Calculate the greatest common divisor of w and 15.
15
Suppose -9*m + 5*m - 68 = -2*k, -2*k = -3*m - 63. Let n be (-2)/5 - (-62)/5. What is the greatest common divisor of n and k?
12
Suppose 16 = -2*a + 6*a. Let i be (-46)/(-5) - a/20. Suppose -41 - i = -5*z. Calculate the greatest common factor of z and 10.
10
Let i(o) = 52*o - 627. Let s be i(15). What is the highest common factor of 663 and s?
51
Let f = 10 + 5. Suppose f = -2*z + 5*z. Suppose -3*n - 2*n - 3*a + 469 = 0, -10 = z*a. Calculate the greatest common factor of 38 and n.
19
Suppose -14*n + 6200 = -394. Calculate the highest common factor of n and 1727.
157
Let g(w) = 2*w**2 + 18*w + 3. Let v = -17 + 8. Let y be g(v). Calculate the highest common divisor of 33 and y.
3
Suppose -5*y + 13 = 33, -10 = -3*z - 5*y. Let q be ((-18)/(-5))/((-6)/(-150)). What is the highest common divisor of q and z?
10
Let i(n) = -8*n - 2. Suppose -22 = 3*q - 16. Let v be i(q). Calculate the highest common divisor of v and 56.
14
Let y(g) = g**3 - 14*g**2 + 5*g - 10. Let b be y(14). Let c = -2 + b. Calculate the greatest common divisor of c and 232.
58
Let k(q) = q**2 + 4. Let v be k(0). Suppose 0 = -4*u + v + 28. Calculate the highest common factor of 8 and u.
8
Let g(d) = -d**3 + d**2 + 10*d + 6. Let h be g(4). Let t be (-3718)/(-117) + h/(-9). Calculate the greatest common factor of t and 112.
16
Let o = -2 - -2. Let a be -2 - o - (-49)/(-7). Let b be 2/a + (-552)/(-54). Calculate the highest common factor of 4 and b.
2
Let i(m) = m**3 + 21*m**2 - 9*m - 126. Let s be i(-21). What is the highest common factor of 36 and s?
9
Let b be 594/10 - (-6)/(-15). Let h = -29 + b. Suppose 4*r + 2*a - h = 0, 0 = r + 4*a + 8 - 26. What is the greatest common factor of 54 and r?
6
Let i be (-6)/24 - (-541)/4. Let g = 2632 - 2617. What is the highest common divisor of g and i?
15
Suppose 3*i = -2*q + 79, 4*i - 2*q - 21 = 3*i. What is the highest common divisor of 50 and i?
25
Suppose h + 5*w = -4*h + 130, 2*w + 8 = 0. What is the greatest common divisor of 520 and h?
10
Let w = -29 + 21. Let t(c) = c**3 + 6*c**2 - 7*c + 10. Let m be t(-7). Let u = w + m. What is the greatest common divisor of u and 8?
2
Suppose -144 = 46*v - 48*v. Suppose 8*j = 4*j + v. Calculate the highest common divisor of 162 and j.
18
Let b be (-4)/18 + (-112)/(-18). Suppose -b = -f + 12. Calculate the greatest common divisor of 45 and f.
9
Let f(a) = -5*a + 45. Let i be f(8). What is the highest common factor of i and 55?
5
Let k(a) = 2*a**3 - a**2 - 2*a + 2. Let i be -3 + 15/(1 + 2). Let p be k(i). Suppose 2*z + 2*z = 100. Calculate the greatest common divisor of p and z.
5
Suppose -d + 1834 = 3*t, -2*d + 1220 = -0*t + 2*t. Let i = t - 380. Calculate the highest common divisor of 29 and i.
29
Let n be (-3)/(-1) + -3 - -26. Suppose 0 = 3*t + 3*m - 3, -t + 4*m + n = t. Calculate the greatest common factor of 10 and t.
5
Suppose 0 = 4*i - 5*m - 186, -4*m = 4*i + m - 206. What is the highest common factor of i and 245?
49
Let g be 7/14 + (-45)/(-10). Let k(m) = -m**3 - 3*m**2 - 4. Let t be k(-3). Let v be t/(-10) + 273/5. Calculate the highest common factor of g and v.
5
Let n = 196 + -79. Calculate the greatest common factor of n and 18.
9
Suppose -3*s - 2*o - 2*o - 1739 = 0, -3*s = -o + 1759. Let q = -1078 - s. Let r be q/(-9) + (-4)/(-18). What is the greatest common factor of r and 11?
11
Let q(c) = 6 - 3 - 5*c - 4*c. Let g be q(-3). What is the greatest common factor of g and 6?
6
Let b be (-361)/(-3) + 18/(-540)*-20. Let f be 6/((-1)/44*-6). Suppose -4*t = 5*a - f, -t + 3*t = a + 22. What is the highest common divisor of t and b?
11
Let n(c) be the third derivative of c**4/24 - c**2. Let a be n(4). Let p be (6/7)/((-42399)/(-1176) - 36). What is the greatest common factor of a and p?
4
Suppose -8*u = -35 + 27. Calculate the greatest common divisor of u and 1.
1
Let s be 175/2*492/410. Calculate the greatest common divisor of 189 and s.
21
Let j(w) = -w**2 - 9*w - 11. Let m be j(-6). Suppose 5*d + 280 = 10*d. Calculate the greatest common factor of d and m.
7
Suppose -p = 1 - 3, 3*p = -3*i + 1734. Calculate the highest common factor of i and 64.
64
Let u(g) = g**2 + 8*g - 11. Let k be (-4 + 4)/2 + 0 + -11. Let v be u(k). What is the greatest common divisor of 77 and v?
11
Suppose -6*a = 5*s - 4*a - 19, -5*a + 13 = s. Suppose 438 - 1083 = -s*m. What is the highest common divisor of m and 43?
43
Let q = 15 + -11. Suppose c + 52 = f - 3*c, -196 = -5*f + q*c. Calculate the greatest common factor of f and 108.
36
Let r(u) = 21*u - 36. Let x = 27 - 21. Let b be r(x). What is the highest common factor of b and 225?
45
Let a be -13 - 1*(-1 + 1). Suppose 2*r - 37 = 3*r. Let w = a - r. Calculate the highest common divisor of w and 3.
3
Let m be 26/5 - (-2)/(-10). Suppose -u + m = -9. Calculate the highest common factor of 42 and u.
14
Suppose 0 = 3*g + i - 111, 4*g - i - 138 = i. Suppose c + 48 = 5*c. Calculate the greatest common factor of c and g.
12
Let p = -586 - -677. What is the highest common factor of 13 and p?
13
Let p be (-6 + 151)*(-135)/(-25). What is the greatest common divisor of 27 and p?
27
Let t = -2343 + 2382. What is the greatest common divisor of t and 39?
39
Suppose -67*u + 53*u = -6916. What is the highest common divisor of 26 and u?
26
Let o be 1 - 94 - (-18 - -17). Let y = 161 - o. What is the greatest common factor of 23 and y?
23
Suppose 0 = -2*k - 2*k - 4*i + 524, -4*k + 484 = -4*i. Suppose 11 = 3*g - 43. Calculate the highest common factor of k and g.
18
Suppose 32*d - 38*d = -78. What is the highest common divisor of 351 and d?
13
Let x(r) = -r**3 + 7*r**2 - 12*r - 47. Let n be x(-6). Calculate the highest common factor of n and 17.
17
Suppose 0 = 4*s - 5 - 35. Let z be 16*(-15)/(-12) - 10. What is the greatest common divisor of s and z?
10
Suppose -25*l - 318 = -1693. What is the highest common divisor of l and 11?
11
Suppose -26*u + 31*u - 45 = 0. What is the greatest common factor of 30 and u?
3
Suppose -16 = -4*v, 0 = -3*g - 3*v + 58 + 38. What is the highest common divisor of 518 and g?
14
Let g = 37 - 27. Suppose 2*t - 28 = g. What is the greatest common factor of 19 and t?
19
Suppose -5*z + 155 = 3*v, -20 + 81 = 2*z + v. Let a = z - 16. Let w be (-500)/(-6) - (-6)/9. What is the greatest common divisor of w and a?
12
Let s(i) = -9*i - 36. Let t be ((-748)/102)/(-1 + (-5)/(-3)). Let q be s(t). Let y = -48 - -90. Calculate the greatest common divisor of y and q.
21
Let n be 271/5 - (-3)/(0 - 15). Suppose 2*f - 3*b = n, 0 = -3*f + 5*b + 20 + 62. Calculate the greatest common factor of f and 264.
24
Let h(x) = -x**3 - 16*x**2 - 62*x + 6. Let l be h(-6). What is the greatest common factor of l and 117?
9
Let n(i) = i - 7. Let l be n(11). Suppose -l*c - 182 = -18*c. Calculate the greatest common divisor of 52 and c.
13
Let x(u) = -u**2 - 4*u - 1. Let c be x(-5). Suppose 